the prime factors of r(w)?
3, 17
Suppose -28 = 21*c - 17*c, 101790 = 5*v - 5*c. What are the prime factors of v?
47, 433
Suppose 7*k - 769 + 125 = 0. Let o = 92 - k. Suppose 8*s - 9*s - 4*p + 49 = o, 4*s - 168 = -2*p. What are the prime factors of s?
41
Suppose -3*t + 3*y + 537 = -0*t, 5*y = -20. Let a = 225 - t. List the prime factors of a.
2, 5
Suppose 6*d - 2725 = 10373. Suppose 3*q - g - 1988 = -675, -d = -5*q + 3*g. Suppose -400 = -3*w + f, -4*w + q + 76 = -5*f. What are the prime factors of w?
3, 5
Suppose 13 = 3*d - 23. What are the prime factors of -1 + (-30)/(-36) - (-3830)/d?
11, 29
Let s = -3 - -8. Let d = 99 - 96. Suppose -d*y - s*y = -208. What are the prime factors of y?
2, 13
Let g(b) = -b + 2. Let y be g(-1). Suppose 4*t = -3*m + 723, 6*t - y*t = m - 228. What are the prime factors of m?
3, 79
Let f(h) be the third derivative of -h**6/120 + 7*h**5/60 + h**4/2 - 3*h**3/2 + h**2. Let r be (-8)/5*395/(-79). What are the prime factors of f(r)?
23
Let v = -136 - -136. List the prime factors of 1*1/(-3)*v + 359.
359
Suppose 493*h - 490*h - 15396 = 0. Suppose 14*a - 5088 = h. What are the prime factors of a?
2, 5, 73
Suppose -7*f = -9*f + 31201 + 18485. What are the prime factors of f?
3, 7, 13
Let f(l) = -260*l - 499. List the prime factors of f(-15).
19, 179
Let i(a) = -33*a**3 + 8*a**2 + 17*a + 89. What are the prime factors of i(-8)?
3, 643
Suppose 3 = 5*m - 17, g - 4*m - 2447 = 0. List the prime factors of g.
3, 821
Suppose 3*b + 167298 = 3*w, 2*w = 5*w + 2*b - 167268. What are the prime factors of w?
2, 5, 17, 41
Suppose -2*q - 2*q = -3*u + 39, 5*u - q = 48. Suppose -14*d + u = 37. What are the prime factors of (d/3)/(-6*8/4680)?
5, 13
Suppose c = 52*w - 50*w + 2299, 5*c - w - 11486 = 0. What are the prime factors of c?
2297
Let y(j) = -j**3 - 6*j**2 - 5*j + 3. Let p be y(-5). Suppose 4*x + 1230 = p*x. List the prime factors of (-3)/9*x/5.
2, 41
Suppose 177938 = 19*q - 85573. List the prime factors of q.
3, 23, 67
Suppose -15*f + 2121 = -339. Let j = 82 + f. List the prime factors of j.
2, 3, 41
Let i = -3841 - -5571. What are the prime factors of i?
2, 5, 173
Suppose 835*a = 862*a - 254070. List the prime factors of a.
2, 5, 941
Suppose 10 = 3*m + a, m - 2*m + 2*a + 1 = 0. Suppose m*k = -5*k + 8. List the prime factors of k*-4*(-29)/4.
29
Suppose -4*c + 57*q = 54*q - 138665, 0 = 2*c + 3*q - 69355. What are the prime factors of c?
2, 5, 3467
What are the prime factors of 4 - (683*-17 - (-81 - -74))?
2, 1451
Suppose f - 46 = 2*f. Let i = 49 + f. Suppose -4*q = i*p - 203, 3*p - 6*p = -4*q - 235. List the prime factors of p.
73
Suppose -4242 = -43*b + 41*b. List the prime factors of b.
3, 7, 101
Suppose 5*o - 26512 = -3*n + 12895, 0 = 5*o - n - 39391. List the prime factors of o.
7879
Let z be 4/(-6)*(-5031)/26. Let t be z/(-4) - 3/(-12). Let p = -13 - t. List the prime factors of p.
19
List the prime factors of (2/(-4)*4)/(((-2)/(-4942))/(-1)).
2, 7, 353
List the prime factors of 14/35 + (-54)/10 + (-28704)/(-3).
73, 131
Suppose -r - 92 = -112. Suppose -9*l = -r*l + 3861. What are the prime factors of l?
3, 13
Suppose 5*i - 3*a - 25 = 0, 4 + 16 = 4*i + 5*a. Suppose i*t + 68 = -2. What are the prime factors of ((-272)/(-10))/(t/5 - -3)?
2, 17
Let u be (1/(-1))/(((-4)/(-6))/(-2)). Suppose 2 = -u*q - 25. What are the prime factors of 477/6*(-6)/q?
53
Suppose -4*k - 4*j = -23148, 2*k - 11131 - 461 = j. List the prime factors of k.
3, 1931
Suppose 0 = -q + s + 13184, -63*q + 2*s = -64*q + 13172. What are the prime factors of q?
2, 5, 659
Let k(f) = f**3 - 8*f**2 + 15*f - 10. Let a be k(6). Suppose -4*b - b = 3*m - a, 2*m = -5*b + 2. Suppose m*r + 47 - 527 = 0. List the prime factors of r.
2, 5
Let t(o) = -o**3 + 16*o**2 + 21*o + 32. Suppose l = 4*q + 8, 42 + 32 = 4*l + 5*q. List the prime factors of t(l).
2, 23
Let w(m) = 5*m**2 + 16*m - 62. Let t be w(17). Suppose 0 = -4*n + t + 3513. What are the prime factors of n?
2, 17, 19
Let i be 4/30 + 56/30. Suppose -164 = -4*r - m, 4*m + 59 = -i*r + 155. What are the prime factors of (-16)/r*(-40 - 0)?
2
Let l(z) = -22*z**2 + 54*z**2 - 24*z**2 + 60 + 9*z. What are the prime factors of l(-5)?
5, 43
Let t = 676 - 657. Suppose 46*k = t*k + 17658. What are the prime factors of k?
2, 3, 109
Suppose 0*v + 4*h = -v + 15, v - 15 = 4*h. Suppose 81*f = 84*f - v. Suppose -f*j + 1336 = 3*j. What are the prime factors of j?
167
Let s(c) = 8*c - 7 + c**3 - 8*c + 13*c**2 + 16 + 9. What are the prime factors of s(-8)?
2, 13
Suppose 5*q = 3*o + 63121, 2*q = 45*o - 49*o + 25212. What are the prime factors of q?
2, 5, 631
Let n(m) be the second derivative of 43*m**4/2 + 7*m**3/6 + 9*m**2 + 189*m. List the prime factors of n(-2).
2, 7, 37
Suppose -6*s + 2*s = 88. List the prime factors of -5 + ((-15052)/s - (-24)/(-132)).
7, 97
Suppose 53 - 11 = 6*j. Let a be (9 - j)*(-2)/(-2). Suppose -a*y = -0 - 10. List the prime factors of y.
5
Let i = 0 + -2. Suppose 28 = 6*x + 22. What are the prime factors of x/((-24)/(-116))*i*-3?
29
Let y = 411 + -411. Suppose -a - 4624 = -4*s, y = 6*a - 10*a - 16. List the prime factors of s.
3, 5, 7, 11
Suppose 4*r + 587698 = 41*r + 25*r. List the prime factors of r.
9479
Let n be (0 - -4)/24 + (-17)/(-6). Suppose -5*p = 4*t - 37, -t + 21 = 3*p + n. Suppose 53 = 2*h - 5*x, 2*x + 73 = t*h - 12. List the prime factors of h.
29
Let f = 132 + -127. Suppose 0 = -4*n + y + 329, 0 = -5*n + f*y - 10*y + 405. List the prime factors of n.
2, 41
Suppose -12*x + 1587 + 39327 = -59994. What are the prime factors of x?
3, 2803
Let d = -98 - -101. Suppose w - y - 7 = 0, 0*w - 4*w + d*y = -24. Suppose -w = -l - 3*f, l + 5*f = 2*l - 19. List the prime factors of l.
3
What are the prime factors of (-1427)/(1/(-5)*30/18)?
3, 1427
Let z be (26/(-52))/(1/(-396)). Suppose 8*u - 11*u + z = 0. List the prime factors of u.
2, 3, 11
Suppose 2*r = 4*i - 530, 5*r = -16*i + 14*i + 295. Suppose -2*c - 4*g = -957 + i, 2*c - 846 = 2*g. List the prime factors of c.
419
Let z(c) be the second derivative of -c**5/10 - 5*c**4/4 - 2*c**3/3 - 9*c**2 + 10*c + 2. What are the prime factors of z(-8)?
2, 3, 13
Suppose 5*z - 3*z = 4*p + 122, -123 = 4*p - 3*z. Let r = p - -35. Let f(m) = -m**3 + 4*m**2 + 5*m + 12. List the prime factors of f(r).
2, 3
Let z(h) = -83*h**2 + 7*h + 23. Let f(m) = 2*m**2. Let g(n) = -6*f(n) - z(n). List the prime factors of g(-3).
7, 13
Let f(b) be the first derivative of 8/3*b**3 - 17*b - 4*b**2 + 23. What are the prime factors of f(-4)?
11, 13
Let o(h) be the first derivative of -335*h**2/2 + 14*h - 8. List the prime factors of o(-1).
349
Suppose -37*j + 3386778 = 14*j + 208917. What are the prime factors of j?
62311
Let x be 9/((-90)/(-4)) - (-64)/(-10). What are the prime factors of (-7)/(-2)*124 + (-30)/x?
439
Suppose -2*y = -4*p - 782, 401 = y + 3*p - 0*p. Suppose -94*u = 14781 - 8149 + 7656. Let d = u + y. List the prime factors of d.
3
Suppose 5*g - 22053 = 3*y, 4*y = 3*g + 7*y - 13251. List the prime factors of g.
3, 1471
Let i = 97 - 93. Suppose i*x = 4*k - 352, 4*k + 3*x - 11 - 313 = 0. List the prime factors of ((-51)/(-12))/(3/k).
7, 17
Suppose -3*n + 93 = 5*d, -5*n + n + 4 = 0. Suppose -d = a - 26. Suppose -3*p - 965 = -a*p + 4*k, -4*k - 209 = -p. What are the prime factors of p?
3, 7
Let b = 34907 - 16925. List the prime factors of b.
2, 3, 37
Let m(i) = i**2 - 23*i + 40. Let x be m(21). Let h be 9889/58 - 3/x*-1. Suppose 335 = -z + 3*z - 5*g, g = z - h. List the prime factors of z.
2, 5, 17
Let u = 488 + -1147. Let m = u + 1668. List the prime factors of m.
1009
Let w be (-1 + 1)*(-2)/4. Suppose w*i + 124 = -i. List the prime factors of i/(-9) - 48/(-216).
2, 7
Let n(o) = o**3 - 104*o**2 - 273*o + 5479. What are the prime factors of n(109)?
3, 1301
Let s = 2265 - 2039. List the prime factors of s.
2, 113
Let h be 68 + 4 - (-3 + 1). What are the prime factors of 20/(-25)*-5 + h?
2, 3, 13
Let m(h) = -h**2 + h - 544. Let i be m(0). Let q = -115 - i. What are the prime factors of q?
3, 11, 13
Let x(n) = 18*n**3 - n**2 + 39*n - 8. Let h be x(-7). List the prime factors of 8 + -6 - h/8.
5, 163
Let z be (-16)/6*(-18)/4. Suppose -3*s - 3*n + 24 = 0, -4*n + z = -4. Suppose -524 = -s*d + 5*w - 80, -d = -5*w - 96. List the prime factors of d.
2, 29
Let o = 184 + -342. List the prime factor